tors of u(g)?
2, 3
Let h(v) = 52*v - 1298. Let j be h(25). Suppose -l + 36 = -0*l. List the prime factors of 1*(j + 2) + l.
2, 5
Suppose 4*p - 9999 = -r, -82*p + 83*p - 4*r = 2487. What are the prime factors of p?
3, 7, 17
Let f be (1/2)/((-18)/(-36)). Let n(d) = 6*d**2 + 2*d - 2. Let l be n(f). Suppose l*o = 11*o - 220. List the prime factors of o.
2, 11
Let k(b) = b**3 + 3*b**2 - 2*b + 11. Suppose -4*s + 53 = -5*t, -25 = 3*t + 2*t. List the prime factors of k(s).
487
Suppose 2*s - 2 = j, s = 3*j + 5*s + 46. Let q be (j/(-1))/((-20)/(-850)). Suppose 5*f + 3*g - q = 0, g - 170 = -2*f + 3*g. What are the prime factors of f?
5, 17
Let f(q) = -3975*q - 1167. What are the prime factors of f(-16)?
3, 7, 991
Let s(m) = 103*m**2 - 4*m + 181. What are the prime factors of s(-8)?
5, 1361
Let f = 37185 - 24859. What are the prime factors of f?
2, 6163
Suppose 11791 = 2*t - g, 2*g = -4*t - 4858 + 28436. List the prime factors of t.
3, 5, 131
Let q = 3338 - -4271. List the prime factors of q.
7, 1087
Let w(i) = 615*i**2 + 120*i - 381. List the prime factors of w(3).
2, 3, 919
Let r = 3 - 3. List the prime factors of -6*241/(-2) - (5 + r).
2, 359
Let g = 34376 + -24349. What are the prime factors of g?
37, 271
Let t(v) = 819*v + 5258. List the prime factors of t(54).
2, 89, 139
Suppose 0 = 9*p - 1205 - 1297. Suppose 0 = -2*s + 4*o + p, 4*s = -2*o + 273 + 303. Suppose s = 10*i - 67. What are the prime factors of i?
3, 7
List the prime factors of (7/(-2) - (32 + -36))*-14 - -37057.
2, 3, 5, 13, 19
Let k(v) = 3*v**3 + 28*v**2 - 15*v - 64. List the prime factors of k(10).
2, 3, 7, 19
Suppose 24*b - 56*b = 192. List the prime factors of ((-1)/(-2) - 1089/b) + 1.
3, 61
Let z(n) = 19*n - 19. Let i(k) = -k + 1. Let u(q) = 3*q - 16. Let w be u(5). Let v(g) = w*z(g) - 6*i(g). What are the prime factors of v(-10)?
11, 13
Let u = 194 + -192. What are the prime factors of (1794/u)/1 - (-7 + 6)?
2, 449
Suppose -39*j - 11 = p - 38*j, 0 = p - 5*j + 29. Let b(r) = -r**3 - 17*r**2 - 43*r - 2. What are the prime factors of b(p)?
2, 3
Suppose -5*m + 5*i + 336885 = 0, 6 = -194*i + 196*i. What are the prime factors of m?
2, 3, 5, 1123
Let h(d) = 192*d**2 + 619*d + 27. List the prime factors of h(-11).
2, 5, 7, 47
Let o = 59318 - 41477. List the prime factors of o.
3, 19, 313
Let a = 13977 - -3777. What are the prime factors of a?
2, 3, 11, 269
Suppose 5*t - 115*u - 10956 = -113*u, 4*t - 2*u = 8764. List the prime factors of t.
2, 137
Let h be ((-66)/110)/(1/(-30)). Suppose -h*u = -9*u. Suppose 11*d - 2464 = -u*d. List the prime factors of d.
2, 7
Let t = 6236 - 4005. List the prime factors of t.
23, 97
Let m = 7 + 165. Let f(k) = 3 - 8*k + 88*k**2 - m*k**2 + k**3 + 92*k**2. What are the prime factors of f(-7)?
2, 3
Let q be (-2)/7 - 38/14 - -142. Let z = q + 75. What are the prime factors of z?
2, 107
Let k(x) = 13 + 19*x - x - 10*x - 11*x. Suppose n = 2*q - 23, -17 = 3*n + q + 24. List the prime factors of k(n).
2, 29
Suppose 3*w = 5*r - 18432 - 5128, -2*r + 4*w = -9438. What are the prime factors of r?
17, 277
Suppose d = -3*s + 61, 4*s - 151 = -3*d + 32. Let o = -57 + d. What are the prime factors of (-6)/o + 1239/14?
3, 29
Let w(b) = -b**3 - 15*b**2 - 18. Let a be w(-15). Let j(o) = -22*o - 152. What are the prime factors of j(a)?
2, 61
Let l = 13394 + -7093. List the prime factors of l.
6301
Suppose 0 = -3*k + 9 + 6. Suppose -f - 2*n = 42, 2*f = 3*f + k*n + 48. What are the prime factors of -3*4/12*f?
2, 19
Let l = 63040 - 18105. List the prime factors of l.
5, 11, 19, 43
Let o = 1207 + 3384. Suppose -571 = -s + b + 577, -4*s + 5*b = -o. List the prime factors of s.
3, 383
Let x = 22490 - -44273. What are the prime factors of x?
66763
Let w(k) = 78*k - 2. Let r be w(-1). Let z be ((-44)/10)/(32/r). Suppose -3*l + 1 + z = 0. List the prime factors of l.
2
Suppose l + 135 = 141. Suppose l*b = a + 9*b - 537, -2*a + 2*b = -1066. What are the prime factors of a?
2, 3, 89
Let s(y) = 2*y**2 + 22*y - 34. Let j(k) = -k**3 + 7*k**2 + 30*k + 10. Let w be j(10). List the prime factors of s(w).
2, 193
Let k = 4400 - 2792. What are the prime factors of k?
2, 3, 67
Let l(f) = -3*f**2 + 37*f - 6. Let g be l(12). What are the prime factors of -3 - (-320 - 30/g)?
2, 7, 23
Suppose -15 = -33*b - 114. Let y(p) = -411*p + 41. What are the prime factors of y(b)?
2, 7, 13
Let g(f) = 14*f + 238. Let r be g(-27). List the prime factors of 1308*7*(-30)/r.
2, 3, 109
Let o = 11214 + -1088. What are the prime factors of o?
2, 61, 83
Suppose 3*c + 3*l = -4740, -2*c - l - 4*l = 3175. Let p = -499 - c. List the prime factors of p.
2, 269
Suppose -4*v = 2*v - 60. Let o be v*16/(-30)*-3. Suppose -3*b - g + 16 = -24, -g = b - o. What are the prime factors of b?
2, 3
Let t(r) = 2*r**2 + 28*r - 22. Let s be t(-13). Let o = -44 - s. Suppose 5*u + 3*m = 773, m + 611 = 4*u - o*m. What are the prime factors of u?
2, 7, 11
Suppose 81*t - 316815 = 326487. List the prime factors of t.
2, 11, 19
What are the prime factors of (5782/(-539))/((-2)/1298)?
2, 59
List the prime factors of 5*133794/30 - (3 - 11 - -1).
2, 19, 587
Let y be (-128)/6*855/(-12). Suppose y = -4*s + 8*s. List the prime factors of s.
2, 5, 19
Let v(f) = -f**3 + 18*f**2 + f - 10. Let a be v(17). Let x = 457 - a. Suppose g + 34 - x = 0. List the prime factors of g.
127
Let w(v) = 63*v - 8. Let g be w(3). Suppose 182*h - g*h = 309. What are the prime factors of h?
3, 103
Let t(k) = k**2 - 4*k - 40. Let p be t(9). Suppose u - 361 = 6*h - h, 5*h = p*u - 1865. What are the prime factors of u?
2, 47
What are the prime factors of -4 - (-48250 - 30*7/42)?
7, 61, 113
Let r = 2150 + -1407. Suppose 11*a = r + 3998. List the prime factors of a.
431
What are the prime factors of (-90358)/(-4) - (-237)/(-158)?
2, 5647
Suppose 3*z = -0*z - 5*p + 191, 3*z - 221 = p. Let g be 29 - (-3 - -2 - -4 - 2). Let c = g + z. List the prime factors of c.
2, 5
Suppose 24*m + 42309 = 141146 + 175963. List the prime factors of m.
2, 5, 229
Let c(a) = -447*a**2 - 3*a + 2. Let r(z) = 446*z**2 + 3*z - 3. Let v(y) = 6*c(y) + 5*r(y). Let l be v(-1). Let f = -322 - l. What are the prime factors of f?
2, 5, 13
Let j = 2898 + 612. Suppose 0 = 70*x - 64*x - j. What are the prime factors of x?
3, 5, 13
List the prime factors of (-7910)/(-1) - (3 + -1 - 2 - -1).
11, 719
Let t(j) = 642*j + 201. What are the prime factors of t(11)?
3, 269
Suppose -2*w + 248 = 4*v, 7*w = 5*w - 3*v + 248. List the prime factors of 846/(-2)*w/(-93).
2, 3, 47
Suppose -39*o + 27*o + 360 = 0. Suppose 19*i + o*i = 51254. List the prime factors of i.
2, 523
Let c(w) = -15*w**3 - 13*w**2 - 46*w - 361. What are the prime factors of c(-13)?
5, 6199
Let k = -362 - -642. Let p be k/(-45) + (-116)/(-36) + -3. List the prime factors of (45 - -2)*(-2 - p).
2, 47
Suppose -16*b + 120 - 24 = 0. Suppose -5921 - 919 = -b*s. What are the prime factors of s?
2, 3, 5, 19
Let r = -71 + 75. List the prime factors of 1404 + (-2)/r + (-7)/(-2).
3, 7, 67
Suppose 0 = 843*f - 858*f + 675. Suppose 0 = 5*k - 442 - 108. List the prime factors of (-4 + f/10)*k/1.
5, 11
Let t = -39 - -49. Suppose t = 9*f + f. List the prime factors of 240*f + -2 + 0/(-3).
2, 7, 17
Let q = -349 - -351. What are the prime factors of 153 + (q + 1)/((-14)/(-14))?
2, 3, 13
Let x be -3*(860/15)/(-4). Let n = x + -41. Suppose -5*s + d + 155 + 881 = 0, -n*s = 3*d - 428. What are the prime factors of s?
2, 13
Let a(j) = j**3 + 10*j**2 + 21*j + 76. Let b be a(-8). Suppose 0 = 2*x + b*x - 39938. List the prime factors of x.
1051
Let x be (-12)/(-9)*3 + 142. Suppose 73 + x = 3*s. What are the prime factors of s?
73
Let a(g) = 8*g**2 - 26*g - 45. Let h be 144/(-15) + (-135)/25 + 5. List the prime factors of a(h).
5, 7, 29
Let o = 13204 - -17020. Suppose -3850 - o = -27*l. What are the prime factors of l?
2, 631
Let h(f) = 61*f - 631. What are the prime factors of h(65)?
2, 1667
Suppose -14*p = -17*p + 9. Suppose 15 - p = 4*j. Suppose j*g = x - 5*x + 96, 2*x - 5*g = 22. List the prime factors of x.
3, 7
Suppose 1937 = 4*v - 57243. List the prime factors of v.
5, 11, 269
Let t(b) = -b**3 + 6*b**2 - 16. Let k be t(5). Suppose 0 = k*h - 3865 - 347. Suppose 11*m - h = 9*m. What are the prime factors of m?
2, 3, 13
Let w = -24255 - -47624. What are the prime factors of w?
233